{"id":80,"date":"2024-03-18T15:39:32","date_gmt":"2024-03-18T15:39:32","guid":{"rendered":"http:\/\/foerderverein-musikschule-rheine.de\/?page_id=80"},"modified":"2024-03-18T15:39:32","modified_gmt":"2024-03-18T15:39:32","slug":"mitglied-werden","status":"publish","type":"page","link":"https:\/\/foerderverein-musikschule-rheine.de\/?page_id=80","title":{"rendered":"Mitglied werden"},"content":{"rendered":"\n<p>M\u00f6chten auch Sie Mitglied des F\u00f6rdervereins werden und die Musikschule unterst\u00fctzen? Dann schreiben Sie uns gerne an unter:<\/p>\n\n\n\n<p><\/p>\n\n\n\n<p class=\"has-text-color has-vivid-red-color\"><strong>foerderverein-musikschule-rheine@gmx.de<\/strong><\/p>\n","protected":false},"excerpt":{"rendered":"<p>M\u00f6chten auch Sie Mitglied des F\u00f6rdervereins werden und die Musikschule unterst\u00fctzen? Dann schreiben Sie uns gerne an unter: foerderverein-musikschule-rheine@gmx.de<\/p>\n","protected":false},"author":1,"featured_media":0,"parent":0,"menu_order":0,"comment_status":"closed","ping_status":"closed","template":"","meta":{"footnotes":""},"class_list":["post-80","page","type-page","status-publish","hentry"],"_links":{"self":[{"href":"https:\/\/foerderverein-musikschule-rheine.de\/index.php?rest_route=\/wp\/v2\/pages\/80"}],"collection":[{"href":"https:\/\/foerderverein-musikschule-rheine.de\/index.php?rest_route=\/wp\/v2\/pages"}],"about":[{"href":"https:\/\/foerderverein-musikschule-rheine.de\/index.php?rest_route=\/wp\/v2\/types\/page"}],"author":[{"embeddable":true,"href":"https:\/\/foerderverein-musikschule-rheine.de\/index.php?rest_route=\/wp\/v2\/users\/1"}],"replies":[{"embeddable":true,"href":"https:\/\/foerderverein-musikschule-rheine.de\/index.php?rest_route=%2Fwp%2Fv2%2Fcomments&post=80"}],"version-history":[{"count":3,"href":"https:\/\/foerderverein-musikschule-rheine.de\/index.php?rest_route=\/wp\/v2\/pages\/80\/revisions"}],"predecessor-version":[{"id":121,"href":"https:\/\/foerderverein-musikschule-rheine.de\/index.php?rest_route=\/wp\/v2\/pages\/80\/revisions\/121"}],"wp:attachment":[{"href":"https:\/\/foerderverein-musikschule-rheine.de\/index.php?rest_route=%2Fwp%2Fv2%2Fmedia&parent=80"}],"curies":[{"name":"wp","href":"https:\/\/api.w.org\/{rel}","templated":true}]}}